{"id":761,"date":"2025-12-23T15:41:06","date_gmt":"2025-12-23T12:41:06","guid":{"rendered":"https:\/\/mustibilgi.com\/magaza\/?post_type=product&#038;p=761"},"modified":"2025-12-23T15:41:06","modified_gmt":"2025-12-23T12:41:06","slug":"2-el-miele-ankastre-ocak-cift-gozlu-domino-seri","status":"publish","type":"product","link":"https:\/\/mustibilgi.com\/magaza\/urun\/2-el-miele-ankastre-ocak-cift-gozlu-domino-seri\/","title":{"rendered":"2.EL M\u0130ELE ANKASTRE OCAK \u00c7\u0130FT G\u00d6ZL\u00dc DOM\u0130NO SER\u0130"},"content":{"rendered":"<p>cihaz sorunsuz \u00e7al\u0131\u015fmaktad\u0131r..d\u00f6k\u00fcm izgara ozelligi..<\/p>\n<p>Gaz tasma emniyet sistemi.<\/p>\n<p>.inox paslanmaz \u00e7elik y\u00fczey..<\/p>\n<p>\u00f6zenle kullanilmis tertemiz sifira yakin temizlikte.<\/p>\n<p>.genislik 29 cm..<\/p>\n<p>derinlik 52 cm..<\/p>\n<p>g\u00f6ztepe egitim mah gelip gorebilirsiniz..<\/p>\n<p>nakliye kurulum konusunda yard\u0131mc\u0131 olabilirim..<\/p>\n<p>guncel bayi fiyati 147 bin tl civari..<\/p>\n<p>il disina gonderim imkani vardir..<br \/>\n<img loading=\"lazy\" decoding=\"async\" src=\"https:\/\/mustibilgi.com\/magaza\/wp-content\/uploads\/2025\/12\/IKINCI-EL-MIELE-ANKASTRE-OCAK-CIFT-GOZLU-DOMINO-SERI-2.png\" alt=\"\" width=\"1309\" height=\"888\" class=\"aligncenter size-full wp-image-764\" title=\"\" srcset=\"https:\/\/mustibilgi.com\/magaza\/wp-content\/uploads\/2025\/12\/IKINCI-EL-MIELE-ANKASTRE-OCAK-CIFT-GOZLU-DOMINO-SERI-2.png 1309w, https:\/\/mustibilgi.com\/magaza\/wp-content\/uploads\/2025\/12\/IKINCI-EL-MIELE-ANKASTRE-OCAK-CIFT-GOZLU-DOMINO-SERI-2-300x204.png 300w, https:\/\/mustibilgi.com\/magaza\/wp-content\/uploads\/2025\/12\/IKINCI-EL-MIELE-ANKASTRE-OCAK-CIFT-GOZLU-DOMINO-SERI-2-1024x695.png 1024w, https:\/\/mustibilgi.com\/magaza\/wp-content\/uploads\/2025\/12\/IKINCI-EL-MIELE-ANKASTRE-OCAK-CIFT-GOZLU-DOMINO-SERI-2-768x521.png 768w, https:\/\/mustibilgi.com\/magaza\/wp-content\/uploads\/2025\/12\/IKINCI-EL-MIELE-ANKASTRE-OCAK-CIFT-GOZLU-DOMINO-SERI-2-600x407.png 600w\" sizes=\"auto, (max-width: 1309px) 100vw, 1309px\" \/><\/p>\n","protected":false},"excerpt":{"rendered":"<p>M\u0130ELE ANKASTRE OCAK \u00c7\u0130FT G\u00d6ZL\u00dc DOM\u0130NO SER\u0130 Gazl\u0131 ocak \u00d6zellikle esnek pi\u015firme rahatl\u0131\u011f\u0131 i\u00e7in 5 adet pi\u015firme alan\u0131. AB Bilgi Formu. 93.990,00 TL. Kargoya Teslim S\u00fcresi: <\/p>\n","protected":false},"featured_media":762,"template":"","meta":[],"product_brand":[],"product_cat":[15],"product_tag":[],"class_list":{"0":"post-761","1":"product","2":"type-product","3":"status-publish","4":"has-post-thumbnail","6":"product_cat-ikinci-el-esya","8":"first","9":"instock","10":"sale","11":"shipping-taxable","12":"purchasable","13":"product-type-simple"},"_links":{"self":[{"href":"https:\/\/mustibilgi.com\/magaza\/wp-json\/wp\/v2\/product\/761","targetHints":{"allow":["GET"]}}],"collection":[{"href":"https:\/\/mustibilgi.com\/magaza\/wp-json\/wp\/v2\/product"}],"about":[{"href":"https:\/\/mustibilgi.com\/magaza\/wp-json\/wp\/v2\/types\/product"}],"wp:featuredmedia":[{"embeddable":true,"href":"https:\/\/mustibilgi.com\/magaza\/wp-json\/wp\/v2\/media\/762"}],"wp:attachment":[{"href":"https:\/\/mustibilgi.com\/magaza\/wp-json\/wp\/v2\/media?parent=761"}],"wp:term":[{"taxonomy":"product_brand","embeddable":true,"href":"https:\/\/mustibilgi.com\/magaza\/wp-json\/wp\/v2\/product_brand?post=761"},{"taxonomy":"product_cat","embeddable":true,"href":"https:\/\/mustibilgi.com\/magaza\/wp-json\/wp\/v2\/product_cat?post=761"},{"taxonomy":"product_tag","embeddable":true,"href":"https:\/\/mustibilgi.com\/magaza\/wp-json\/wp\/v2\/product_tag?post=761"}],"curies":[{"name":"wp","href":"https:\/\/api.w.org\/{rel}","templated":true}]}}