{"id":746,"date":"2025-08-11T08:33:35","date_gmt":"2025-08-11T05:33:35","guid":{"rendered":"https:\/\/mustibilgi.com\/magaza\/?post_type=product&#038;p=746"},"modified":"2025-08-11T08:33:35","modified_gmt":"2025-08-11T05:33:35","slug":"ikinci-el-hayvan-cadiri-kurulumu-cikma-buyukbas-cadirlar","status":"publish","type":"product","link":"https:\/\/mustibilgi.com\/magaza\/urun\/ikinci-el-hayvan-cadiri-kurulumu-cikma-buyukbas-cadirlar\/","title":{"rendered":"ikinci el hayvan \u00e7ad\u0131r\u0131 kurulumu \u00e7\u0131kma b\u00fcy\u00fckba\u015f \u00e7ad\u0131rlar"},"content":{"rendered":"<p>B\u00dcY\u00dcKBA\u015e BES\u0130 \u00c7ADIRI K\u00dc\u00c7\u00dcKBAS BES\u0130 \u00c7ADIRI KANATLI HAYVAN \u00c7ADIRLARI MANTAR \u00dcRET\u0130M \u00c7ADIRLARI SOLUCAN G\u00dcBRES\u0130 \u00c7ADIRLARI ARICI<\/p>\n","protected":false},"excerpt":{"rendered":"<p>ikinci el hayvan \u00e7ad\u0131r\u0131 ikinci el hayvan \u00e7ad\u0131r\u0131 2. El B\u00fcy\u00fckba\u015f End\u00fcstriyel \u00c7ad\u0131rlar Sanayi ekipmanlar\u0131 s\u0131f\u0131r, ikinci el uygun fiyatlar\u0131yla ilan ve al\u0131\u015fveri\u015fte ilk adres  K\u00fc\u00e7\u00fckba\u015f Hayvan \u00c7ad\u0131r\u0131 > \u00b7 2 tak\u0131m 1. 10&#215;20 1. 7&#215;14 Makasl\u0131 sistem \u00e7ad\u0131r sat\u0131l\u0131kt\u0131r Yer Sanayi ekipmanlar\u0131 s\u0131f\u0131r, ikinci el uygun fiyatlar\u0131yla ilan ve al\u0131\u015fveri\u015fte ilk adres sahibinden<\/p>\n","protected":false},"featured_media":748,"template":"","meta":[],"product_brand":[],"product_cat":[15],"product_tag":[],"class_list":{"0":"post-746","1":"product","2":"type-product","3":"status-publish","4":"has-post-thumbnail","6":"product_cat-ikinci-el-esya","8":"first","9":"instock","10":"sale","11":"shipping-taxable","12":"purchasable","13":"product-type-simple"},"_links":{"self":[{"href":"https:\/\/mustibilgi.com\/magaza\/wp-json\/wp\/v2\/product\/746","targetHints":{"allow":["GET"]}}],"collection":[{"href":"https:\/\/mustibilgi.com\/magaza\/wp-json\/wp\/v2\/product"}],"about":[{"href":"https:\/\/mustibilgi.com\/magaza\/wp-json\/wp\/v2\/types\/product"}],"wp:featuredmedia":[{"embeddable":true,"href":"https:\/\/mustibilgi.com\/magaza\/wp-json\/wp\/v2\/media\/748"}],"wp:attachment":[{"href":"https:\/\/mustibilgi.com\/magaza\/wp-json\/wp\/v2\/media?parent=746"}],"wp:term":[{"taxonomy":"product_brand","embeddable":true,"href":"https:\/\/mustibilgi.com\/magaza\/wp-json\/wp\/v2\/product_brand?post=746"},{"taxonomy":"product_cat","embeddable":true,"href":"https:\/\/mustibilgi.com\/magaza\/wp-json\/wp\/v2\/product_cat?post=746"},{"taxonomy":"product_tag","embeddable":true,"href":"https:\/\/mustibilgi.com\/magaza\/wp-json\/wp\/v2\/product_tag?post=746"}],"curies":[{"name":"wp","href":"https:\/\/api.w.org\/{rel}","templated":true}]}}