{"id":732,"date":"2024-12-24T12:11:20","date_gmt":"2024-12-24T09:11:20","guid":{"rendered":"https:\/\/mustibilgi.com\/magaza\/?post_type=product&#038;p=732"},"modified":"2024-12-24T12:11:20","modified_gmt":"2024-12-24T09:11:20","slug":"2-el-tek-kisilik-cikma-yatak","status":"publish","type":"product","link":"https:\/\/mustibilgi.com\/magaza\/urun\/2-el-tek-kisilik-cikma-yatak\/","title":{"rendered":"2.el tek ki\u015filik \u00e7\u0131kma yatak"},"content":{"rendered":"<p><img loading=\"lazy\" decoding=\"async\" class=\"aligncenter size-full wp-image-735\" src=\"https:\/\/mustibilgi.com\/magaza\/wp-content\/uploads\/2024\/12\/2.el-tek-kisilik-cikma-yatak-1.png\" alt=\"\" width=\"968\" height=\"579\" title=\"\" srcset=\"https:\/\/mustibilgi.com\/magaza\/wp-content\/uploads\/2024\/12\/2.el-tek-kisilik-cikma-yatak-1.png 968w, https:\/\/mustibilgi.com\/magaza\/wp-content\/uploads\/2024\/12\/2.el-tek-kisilik-cikma-yatak-1-300x179.png 300w, https:\/\/mustibilgi.com\/magaza\/wp-content\/uploads\/2024\/12\/2.el-tek-kisilik-cikma-yatak-1-768x459.png 768w, https:\/\/mustibilgi.com\/magaza\/wp-content\/uploads\/2024\/12\/2.el-tek-kisilik-cikma-yatak-1-600x359.png 600w\" sizes=\"auto, (max-width: 968px) 100vw, 968px\" \/><\/p>\n","protected":false},"excerpt":{"rendered":"<p>2.el tek ki\u015filik \u00e7\u0131kma yatak \u00dcreticisinden Toptan Yayl\u0131 Yatak Modelleri. Rahat bir uyku \u00e7ekmenizi sa\u011flayacak yatak modelleri TL&#8217;den ba\u015flayan uygun fiyatlar ve farkl\u0131 marka \u0130malattan Ranza Yatak Battaniye Nevresim. S\u00fcnger Yataklar. \u0130\u015f\u00e7i yataklar\u0131. \u0130\u015f\u00e7i ranzalar\u0131. Toptan \u00fcr\u00fcnler. \u00d6zel \u00d6l\u00e7\u00fc Yataklar\u0131. Tek ki\u015filik baza boyutlar\u0131 90&#215;190 cm ile 140&#215;200 cm, \u00e7ift ki\u015filik bazalar ise 140&#215;190 cm ile 180&#215;200 cm Gemi Yataklar\u0131. Yatak \u0130malat\u0131. Hizmetler: Nakliye<\/p>\n","protected":false},"featured_media":734,"template":"","meta":[],"product_brand":[],"product_cat":[24,15],"product_tag":[39],"class_list":{"0":"post-732","1":"product","2":"type-product","3":"status-publish","4":"has-post-thumbnail","6":"product_cat-ikinci-el-mobilya","7":"product_cat-ikinci-el-esya","8":"product_tag-ikinci-el-baza-yatak","10":"first","11":"instock","12":"sale","13":"shipping-taxable","14":"purchasable","15":"product-type-simple"},"_links":{"self":[{"href":"https:\/\/mustibilgi.com\/magaza\/wp-json\/wp\/v2\/product\/732","targetHints":{"allow":["GET"]}}],"collection":[{"href":"https:\/\/mustibilgi.com\/magaza\/wp-json\/wp\/v2\/product"}],"about":[{"href":"https:\/\/mustibilgi.com\/magaza\/wp-json\/wp\/v2\/types\/product"}],"wp:featuredmedia":[{"embeddable":true,"href":"https:\/\/mustibilgi.com\/magaza\/wp-json\/wp\/v2\/media\/734"}],"wp:attachment":[{"href":"https:\/\/mustibilgi.com\/magaza\/wp-json\/wp\/v2\/media?parent=732"}],"wp:term":[{"taxonomy":"product_brand","embeddable":true,"href":"https:\/\/mustibilgi.com\/magaza\/wp-json\/wp\/v2\/product_brand?post=732"},{"taxonomy":"product_cat","embeddable":true,"href":"https:\/\/mustibilgi.com\/magaza\/wp-json\/wp\/v2\/product_cat?post=732"},{"taxonomy":"product_tag","embeddable":true,"href":"https:\/\/mustibilgi.com\/magaza\/wp-json\/wp\/v2\/product_tag?post=732"}],"curies":[{"name":"wp","href":"https:\/\/api.w.org\/{rel}","templated":true}]}}