{"id":723,"date":"2024-10-18T08:57:11","date_gmt":"2024-10-18T05:57:11","guid":{"rendered":"https:\/\/mustibilgi.com\/magaza\/?post_type=product&#038;p=723"},"modified":"2024-10-18T08:57:11","modified_gmt":"2024-10-18T05:57:11","slug":"sogutuculu-tezgah-saglam-yerinde-ve-kaliteli-bir-tezgah-lokantalar-icin","status":"publish","type":"product","link":"https:\/\/mustibilgi.com\/magaza\/urun\/sogutuculu-tezgah-saglam-yerinde-ve-kaliteli-bir-tezgah-lokantalar-icin\/","title":{"rendered":"So\u011futuculu tezgah sa\u011flam yerinde ve kaliteli bir tezgah lokantalar i\u00e7in"},"content":{"rendered":"<p><img loading=\"lazy\" decoding=\"async\" class=\"aligncenter size-full wp-image-725\" src=\"https:\/\/mustibilgi.com\/magaza\/wp-content\/uploads\/2024\/10\/Sogutuculu-tezgah-saglam-1.png\" alt=\"\" width=\"797\" height=\"632\" title=\"\" srcset=\"https:\/\/mustibilgi.com\/magaza\/wp-content\/uploads\/2024\/10\/Sogutuculu-tezgah-saglam-1.png 797w, https:\/\/mustibilgi.com\/magaza\/wp-content\/uploads\/2024\/10\/Sogutuculu-tezgah-saglam-1-300x238.png 300w, https:\/\/mustibilgi.com\/magaza\/wp-content\/uploads\/2024\/10\/Sogutuculu-tezgah-saglam-1-768x609.png 768w, https:\/\/mustibilgi.com\/magaza\/wp-content\/uploads\/2024\/10\/Sogutuculu-tezgah-saglam-1-600x476.png 600w\" sizes=\"auto, (max-width: 797px) 100vw, 797px\" \/><\/p>\n","protected":false},"excerpt":{"rendered":"<p><strong>So\u011futuculu tezgah sa\u011flam 300&#8217;\u00fc a\u015fan model \u0130kinci el ve s\u0131f\u0131r<\/strong> \u015eark\u00fcteri Dolab\u0131 \u00e7e\u015fitlerini g\u00fcvenilir makine sat\u0131c\u0131lar\u0131ndan ve 3000&#8217;i a\u015fan varyasyon mutfak A dan Z ye Her t\u00fcrl\u00fc ikinci el e\u015fyan\u0131z de\u011ferinde al\u0131n\u0131r sat\u0131l\u0131r se\u00e7ece\u011fiyle i\u015finize uygun Frenox sizi bekliyor. <strong>So\u011futucu veya Buzdolab\u0131 arayan her profesyonel<\/strong> i\u00e7in mutlaka <strong><a href=\"https:\/\/www.google.com\/search?q=G%C4%B1da+So%C4%9Futma&amp;rlz=1C1CHZN_trTR1057TR1057&amp;oq=G%C4%B1da+So%C4%9Futma&amp;gs_lcrp=EgZjaHJvbWUyBggAEEUYOTIHCAEQABiABDIHCAIQABiABDIHCAMQABiABDIICAQQABgWGB4yCAgFEAAYFhgeMggIBhAAGBYYHjIICAcQABgWGB4yCAgIEAAYFhgeMggICRAAGBYYHtIBBzU5NWowajmoAgCwAgE&amp;sourceid=chrome&amp;ie=UTF-8\">G\u0131da So\u011futma<\/a><\/strong> &amp; Saklama End\u00fcstri ekipmanlar\u0131 s\u0131f\u0131r, ikinci el uygun fiyatlar\u0131yla ilan ve al\u0131\u015fveri\u015fte<\/p>\n","protected":false},"featured_media":724,"template":"","meta":[],"product_brand":[],"product_cat":[23],"product_tag":[],"class_list":{"0":"post-723","1":"product","2":"type-product","3":"status-publish","4":"has-post-thumbnail","6":"product_cat-ikinci-el-beyaz-esya","8":"first","9":"instock","10":"sale","11":"shipping-taxable","12":"purchasable","13":"product-type-simple"},"_links":{"self":[{"href":"https:\/\/mustibilgi.com\/magaza\/wp-json\/wp\/v2\/product\/723","targetHints":{"allow":["GET"]}}],"collection":[{"href":"https:\/\/mustibilgi.com\/magaza\/wp-json\/wp\/v2\/product"}],"about":[{"href":"https:\/\/mustibilgi.com\/magaza\/wp-json\/wp\/v2\/types\/product"}],"wp:featuredmedia":[{"embeddable":true,"href":"https:\/\/mustibilgi.com\/magaza\/wp-json\/wp\/v2\/media\/724"}],"wp:attachment":[{"href":"https:\/\/mustibilgi.com\/magaza\/wp-json\/wp\/v2\/media?parent=723"}],"wp:term":[{"taxonomy":"product_brand","embeddable":true,"href":"https:\/\/mustibilgi.com\/magaza\/wp-json\/wp\/v2\/product_brand?post=723"},{"taxonomy":"product_cat","embeddable":true,"href":"https:\/\/mustibilgi.com\/magaza\/wp-json\/wp\/v2\/product_cat?post=723"},{"taxonomy":"product_tag","embeddable":true,"href":"https:\/\/mustibilgi.com\/magaza\/wp-json\/wp\/v2\/product_tag?post=723"}],"curies":[{"name":"wp","href":"https:\/\/api.w.org\/{rel}","templated":true}]}}