{"id":668,"date":"2024-07-27T08:14:56","date_gmt":"2024-07-27T05:14:56","guid":{"rendered":"https:\/\/mustibilgi.com\/magaza\/?post_type=product&#038;p=668"},"modified":"2024-07-27T08:14:56","modified_gmt":"2024-07-27T05:14:56","slug":"a4-fotokopi-kagidi-spot-balya-bazinda-toptan-ucuz-a4-kagidi","status":"publish","type":"product","link":"https:\/\/mustibilgi.com\/magaza\/urun\/a4-fotokopi-kagidi-spot-balya-bazinda-toptan-ucuz-a4-kagidi\/","title":{"rendered":"A4 fotokopi ka\u011f\u0131d\u0131 spot balya baz\u0131nda toptan ucuz a4 ka\u011f\u0131d\u0131"},"content":{"rendered":"<p><img loading=\"lazy\" decoding=\"async\" src=\"https:\/\/mustibilgi.com\/magaza\/wp-content\/uploads\/2024\/07\/spot-balya-bazinda-toptan-ucuz-a4-kagidi-3.png\" alt=\"\" width=\"720\" height=\"628\" class=\"aligncenter size-full wp-image-669\" title=\"\" srcset=\"https:\/\/mustibilgi.com\/magaza\/wp-content\/uploads\/2024\/07\/spot-balya-bazinda-toptan-ucuz-a4-kagidi-3.png 720w, https:\/\/mustibilgi.com\/magaza\/wp-content\/uploads\/2024\/07\/spot-balya-bazinda-toptan-ucuz-a4-kagidi-3-300x262.png 300w, https:\/\/mustibilgi.com\/magaza\/wp-content\/uploads\/2024\/07\/spot-balya-bazinda-toptan-ucuz-a4-kagidi-3-600x523.png 600w\" sizes=\"auto, (max-width: 720px) 100vw, 720px\" \/><\/p>\n<p><img loading=\"lazy\" decoding=\"async\" src=\"https:\/\/mustibilgi.com\/magaza\/wp-content\/uploads\/2024\/07\/spot-balya-bazinda-toptan-ucuz-a4-kagidi-1.png\" alt=\"\" width=\"768\" height=\"630\" class=\"aligncenter size-full wp-image-670\" title=\"\" srcset=\"https:\/\/mustibilgi.com\/magaza\/wp-content\/uploads\/2024\/07\/spot-balya-bazinda-toptan-ucuz-a4-kagidi-1.png 768w, https:\/\/mustibilgi.com\/magaza\/wp-content\/uploads\/2024\/07\/spot-balya-bazinda-toptan-ucuz-a4-kagidi-1-300x246.png 300w, https:\/\/mustibilgi.com\/magaza\/wp-content\/uploads\/2024\/07\/spot-balya-bazinda-toptan-ucuz-a4-kagidi-1-600x492.png 600w\" sizes=\"auto, (max-width: 768px) 100vw, 768px\" \/><\/p>\n<p><img loading=\"lazy\" decoding=\"async\" src=\"https:\/\/mustibilgi.com\/magaza\/wp-content\/uploads\/2024\/07\/spot-balya-bazinda-toptan-ucuz-a4-kagidi-2.png\" alt=\"\" width=\"573\" height=\"636\" class=\"aligncenter size-full wp-image-671\" title=\"\" srcset=\"https:\/\/mustibilgi.com\/magaza\/wp-content\/uploads\/2024\/07\/spot-balya-bazinda-toptan-ucuz-a4-kagidi-2.png 573w, https:\/\/mustibilgi.com\/magaza\/wp-content\/uploads\/2024\/07\/spot-balya-bazinda-toptan-ucuz-a4-kagidi-2-270x300.png 270w\" sizes=\"auto, (max-width: 573px) 100vw, 573px\" \/><\/p>\n","protected":false},"excerpt":{"rendered":"<p>spot balya baz\u0131nda toptan ucuz a4 ka\u011f\u0131d\u0131 A4 Fotokopi ka\u011f\u0131d\u0131 \u00e7e\u015fitleri, uygun fiyatlar\u0131 ve kredi kart\u0131yla online sat\u0131n Al\u0131n\u0131r. En Uygun Fotokopi Ka\u011f\u0131tlar\u0131 Toptan olarak sat\u0131n almak \u015feklinde s\u0131ralanabilir. En ucuz A4 ka\u011f\u0131d\u0131 fiyatlar\u0131 incelenirken, \u00fcr\u00fcn Profesyonel \u0130\u015f Hayat\u0131n\u0131zda \u0130htiya\u00e7 Duydu\u011funuz Her \u015eey Burada.<\/p>\n","protected":false},"featured_media":669,"template":"","meta":[],"product_brand":[],"product_cat":[15],"product_tag":[],"class_list":{"0":"post-668","1":"product","2":"type-product","3":"status-publish","4":"has-post-thumbnail","6":"product_cat-ikinci-el-esya","8":"first","9":"instock","10":"sale","11":"shipping-taxable","12":"purchasable","13":"product-type-simple"},"_links":{"self":[{"href":"https:\/\/mustibilgi.com\/magaza\/wp-json\/wp\/v2\/product\/668","targetHints":{"allow":["GET"]}}],"collection":[{"href":"https:\/\/mustibilgi.com\/magaza\/wp-json\/wp\/v2\/product"}],"about":[{"href":"https:\/\/mustibilgi.com\/magaza\/wp-json\/wp\/v2\/types\/product"}],"wp:featuredmedia":[{"embeddable":true,"href":"https:\/\/mustibilgi.com\/magaza\/wp-json\/wp\/v2\/media\/669"}],"wp:attachment":[{"href":"https:\/\/mustibilgi.com\/magaza\/wp-json\/wp\/v2\/media?parent=668"}],"wp:term":[{"taxonomy":"product_brand","embeddable":true,"href":"https:\/\/mustibilgi.com\/magaza\/wp-json\/wp\/v2\/product_brand?post=668"},{"taxonomy":"product_cat","embeddable":true,"href":"https:\/\/mustibilgi.com\/magaza\/wp-json\/wp\/v2\/product_cat?post=668"},{"taxonomy":"product_tag","embeddable":true,"href":"https:\/\/mustibilgi.com\/magaza\/wp-json\/wp\/v2\/product_tag?post=668"}],"curies":[{"name":"wp","href":"https:\/\/api.w.org\/{rel}","templated":true}]}}