{"id":642,"date":"2024-06-30T09:20:16","date_gmt":"2024-06-30T06:20:16","guid":{"rendered":"https:\/\/mustibilgi.com\/magaza\/?post_type=product&#038;p=642"},"modified":"2024-06-30T09:20:16","modified_gmt":"2024-06-30T06:20:16","slug":"ofis-bekleme-sandalyesi-iki-kisilik-uc-kisilik-bekleme-misafir-sandalyeleri","status":"publish","type":"product","link":"https:\/\/mustibilgi.com\/magaza\/urun\/ofis-bekleme-sandalyesi-iki-kisilik-uc-kisilik-bekleme-misafir-sandalyeleri\/","title":{"rendered":"Ofis bekleme sandalyesi iki ki\u015filik \u00fc\u00e7 ki\u015filik bekleme misafir sandalyeleri"},"content":{"rendered":"<p><img loading=\"lazy\" decoding=\"async\" class=\"aligncenter size-full wp-image-643\" src=\"https:\/\/mustibilgi.com\/magaza\/wp-content\/uploads\/2024\/06\/Ofis-bekleme-sandalyesi-iki-kisilik-uc-kisilik-3.png\" alt=\"\" width=\"894\" height=\"628\" title=\"\" srcset=\"https:\/\/mustibilgi.com\/magaza\/wp-content\/uploads\/2024\/06\/Ofis-bekleme-sandalyesi-iki-kisilik-uc-kisilik-3.png 894w, https:\/\/mustibilgi.com\/magaza\/wp-content\/uploads\/2024\/06\/Ofis-bekleme-sandalyesi-iki-kisilik-uc-kisilik-3-300x211.png 300w, https:\/\/mustibilgi.com\/magaza\/wp-content\/uploads\/2024\/06\/Ofis-bekleme-sandalyesi-iki-kisilik-uc-kisilik-3-768x539.png 768w, https:\/\/mustibilgi.com\/magaza\/wp-content\/uploads\/2024\/06\/Ofis-bekleme-sandalyesi-iki-kisilik-uc-kisilik-3-600x421.png 600w\" sizes=\"auto, (max-width: 894px) 100vw, 894px\" \/> <img loading=\"lazy\" decoding=\"async\" class=\"aligncenter size-full wp-image-644\" src=\"https:\/\/mustibilgi.com\/magaza\/wp-content\/uploads\/2024\/06\/Ofis-bekleme-sandalyesi-iki-kisilik-uc-kisilik-1.png\" alt=\"\" width=\"869\" height=\"619\" title=\"\" srcset=\"https:\/\/mustibilgi.com\/magaza\/wp-content\/uploads\/2024\/06\/Ofis-bekleme-sandalyesi-iki-kisilik-uc-kisilik-1.png 869w, https:\/\/mustibilgi.com\/magaza\/wp-content\/uploads\/2024\/06\/Ofis-bekleme-sandalyesi-iki-kisilik-uc-kisilik-1-300x214.png 300w, https:\/\/mustibilgi.com\/magaza\/wp-content\/uploads\/2024\/06\/Ofis-bekleme-sandalyesi-iki-kisilik-uc-kisilik-1-768x547.png 768w, https:\/\/mustibilgi.com\/magaza\/wp-content\/uploads\/2024\/06\/Ofis-bekleme-sandalyesi-iki-kisilik-uc-kisilik-1-600x427.png 600w\" sizes=\"auto, (max-width: 869px) 100vw, 869px\" \/> <img loading=\"lazy\" decoding=\"async\" class=\"aligncenter size-full wp-image-645\" src=\"https:\/\/mustibilgi.com\/magaza\/wp-content\/uploads\/2024\/06\/Ofis-bekleme-sandalyesi-iki-kisilik-uc-kisilik-2.png\" alt=\"\" width=\"797\" height=\"624\" title=\"\" srcset=\"https:\/\/mustibilgi.com\/magaza\/wp-content\/uploads\/2024\/06\/Ofis-bekleme-sandalyesi-iki-kisilik-uc-kisilik-2.png 797w, https:\/\/mustibilgi.com\/magaza\/wp-content\/uploads\/2024\/06\/Ofis-bekleme-sandalyesi-iki-kisilik-uc-kisilik-2-300x235.png 300w, https:\/\/mustibilgi.com\/magaza\/wp-content\/uploads\/2024\/06\/Ofis-bekleme-sandalyesi-iki-kisilik-uc-kisilik-2-768x601.png 768w, https:\/\/mustibilgi.com\/magaza\/wp-content\/uploads\/2024\/06\/Ofis-bekleme-sandalyesi-iki-kisilik-uc-kisilik-2-600x470.png 600w\" sizes=\"auto, (max-width: 797px) 100vw, 797px\" \/><\/p>\n","protected":false},"excerpt":{"rendered":"<p><strong>Ofis bekleme sandalyesi iki ki\u015filik \u00fc\u00e7 ki\u015filik \u0130ki ki\u015fi kapasiteye<\/strong> sahip bu modeller mekan\u0131n sahip oldu\u011fu alan\u0131 de\u011ferlendirmesi ile avantaj sa\u011flar. \u00fc\u00e7l\u00fc bekleme koltu\u011fu ofis koltu\u011fu misafir koltu\u011fu jenna. 9.000 TL \u0130ki ki\u015filik mobilya se\u00e7enekleri, <strong>ZARA \u00dc\u00c7L\u00dc BEKLEME KOLTU\u011eU Rahatl\u0131k olarak d\u00fc\u011fer modellerden<\/strong> daha konforludur. Ofis Bekleme Koltuklar\u0131. \u00c7al\u0131\u015fma yada m\u00fcd\u00fcr koltuklar\u0131na tak\u0131m olarak \u00fcretilen misafir ve bekleme koltu\u011fu OSMANLI OF\u0130S 1972&#8217;DEN BER\u0130<\/p>\n","protected":false},"featured_media":643,"template":"","meta":[],"product_brand":[],"product_cat":[15,24],"product_tag":[46],"class_list":{"0":"post-642","1":"product","2":"type-product","3":"status-publish","4":"has-post-thumbnail","6":"product_cat-ikinci-el-esya","7":"product_cat-ikinci-el-mobilya","8":"product_tag-ikinci-el-masa-sandalye","10":"first","11":"instock","12":"sale","13":"shipping-taxable","14":"purchasable","15":"product-type-simple"},"_links":{"self":[{"href":"https:\/\/mustibilgi.com\/magaza\/wp-json\/wp\/v2\/product\/642","targetHints":{"allow":["GET"]}}],"collection":[{"href":"https:\/\/mustibilgi.com\/magaza\/wp-json\/wp\/v2\/product"}],"about":[{"href":"https:\/\/mustibilgi.com\/magaza\/wp-json\/wp\/v2\/types\/product"}],"wp:featuredmedia":[{"embeddable":true,"href":"https:\/\/mustibilgi.com\/magaza\/wp-json\/wp\/v2\/media\/643"}],"wp:attachment":[{"href":"https:\/\/mustibilgi.com\/magaza\/wp-json\/wp\/v2\/media?parent=642"}],"wp:term":[{"taxonomy":"product_brand","embeddable":true,"href":"https:\/\/mustibilgi.com\/magaza\/wp-json\/wp\/v2\/product_brand?post=642"},{"taxonomy":"product_cat","embeddable":true,"href":"https:\/\/mustibilgi.com\/magaza\/wp-json\/wp\/v2\/product_cat?post=642"},{"taxonomy":"product_tag","embeddable":true,"href":"https:\/\/mustibilgi.com\/magaza\/wp-json\/wp\/v2\/product_tag?post=642"}],"curies":[{"name":"wp","href":"https:\/\/api.w.org\/{rel}","templated":true}]}}

Ofis bekleme sandalyesi iki kişilik üç kişilik bekleme misafir sandalyeleri

<p><strong>Ofis bekleme sandalyesi iki kişilik üç kişilik İki kişi kapasiteye</strong> sahip bu modeller mekanın sahip olduğu alanı değerlendirmesi ile avantaj sağlar. üçlü bekleme koltuğu ofis koltuğu misafir koltuğu jenna. 9.000 TL İki kişilik mobilya seçenekleri, <strong>ZARA ÜÇLÜ BEKLEME KOLTUĞU Rahatlık olarak düğer modellerden</strong> daha konforludur. Ofis Bekleme Koltukları. Çalışma yada müdür koltuklarına takım olarak üretilen misafir ve bekleme koltuğu OSMANLI OFİS 1972&#8217;DEN BERİ</p>
