{"id":620,"date":"2024-05-29T11:55:08","date_gmt":"2024-05-29T08:55:08","guid":{"rendered":"https:\/\/mustibilgi.com\/magaza\/?post_type=product&#038;p=620"},"modified":"2024-05-29T11:55:09","modified_gmt":"2024-05-29T08:55:09","slug":"volkswagen-passat-1-6-cikma-atesleme-bobini","status":"publish","type":"product","link":"https:\/\/mustibilgi.com\/magaza\/urun\/volkswagen-passat-1-6-cikma-atesleme-bobini\/","title":{"rendered":"Volkswagen passat 1.6 \u00e7\u0131kma ate\u015fleme bobini"},"content":{"rendered":"<div id=\"attachment_621\" style=\"width: 725px\" class=\"wp-caption aligncenter\"><img loading=\"lazy\" decoding=\"async\" aria-describedby=\"caption-attachment-621\" class=\"wp-image-621 size-full\" title=\"volkswagen passat 1.6 \u00e7\u0131kma ate\u015fleme bobini\" src=\"https:\/\/mustibilgi.com\/magaza\/wp-content\/uploads\/2024\/05\/volkswagen-passat-1.6-cikma-atesleme-bobini-2.png\" alt=\"\" width=\"715\" height=\"548\" srcset=\"https:\/\/mustibilgi.com\/magaza\/wp-content\/uploads\/2024\/05\/volkswagen-passat-1.6-cikma-atesleme-bobini-2.png 715w, https:\/\/mustibilgi.com\/magaza\/wp-content\/uploads\/2024\/05\/volkswagen-passat-1.6-cikma-atesleme-bobini-2-300x230.png 300w, https:\/\/mustibilgi.com\/magaza\/wp-content\/uploads\/2024\/05\/volkswagen-passat-1.6-cikma-atesleme-bobini-2-600x460.png 600w\" sizes=\"auto, (max-width: 715px) 100vw, 715px\" \/><p id=\"caption-attachment-621\" class=\"wp-caption-text\">volkswagen passat 1.6 \u00e7\u0131kma ate\u015fleme bobini<\/p><\/div>\n<p><img loading=\"lazy\" decoding=\"async\" class=\"aligncenter size-full wp-image-622\" src=\"https:\/\/mustibilgi.com\/magaza\/wp-content\/uploads\/2024\/05\/volkswagen-passat-1.6-cikma-atesleme-bobini-1.png\" alt=\"\" width=\"790\" height=\"618\" title=\"\" srcset=\"https:\/\/mustibilgi.com\/magaza\/wp-content\/uploads\/2024\/05\/volkswagen-passat-1.6-cikma-atesleme-bobini-1.png 790w, https:\/\/mustibilgi.com\/magaza\/wp-content\/uploads\/2024\/05\/volkswagen-passat-1.6-cikma-atesleme-bobini-1-300x235.png 300w, https:\/\/mustibilgi.com\/magaza\/wp-content\/uploads\/2024\/05\/volkswagen-passat-1.6-cikma-atesleme-bobini-1-768x601.png 768w, https:\/\/mustibilgi.com\/magaza\/wp-content\/uploads\/2024\/05\/volkswagen-passat-1.6-cikma-atesleme-bobini-1-600x469.png 600w\" sizes=\"auto, (max-width: 790px) 100vw, 790px\" \/><\/p>\n","protected":false},"excerpt":{"rendered":"<p><strong>volkswagen passat 1.6 \u00e7\u0131kma ate\u015fleme bobini Volkswagen \u0130kinci El Ate\u015fleme Bobini<\/strong> Ate\u015fleme &amp; Yak\u0131t Yedek Par\u00e7a \u00dcr\u00fcn Modelleri \u00b7 GOLF 4 BORA PASSAT AKL 1.6 ATE\u015eLEME BOB\u0130N\u0130 ORJ\u0130NAL Volkswagen Ate\u015fleme Bobini Ate\u015fleme &amp; Yak\u0131t Yedek Par\u00e7a \u00dcr\u00fcn Modelleri ATE\u015eLEME BOB\u0130N\u0130 VOLKSWAGEN PASSAT 2003 2.3L. Sat\u0131l\u0131k Fiyat\u0131: 3.500 TL. \u0130stanbul Anadolu (VOLKSWAGEN PASSAT- B5- 97\/00 ATE\u015eLEME BOB\u0130N\u0130 1.6cc (1 \u00c7IKI\u015e\/3 F\u0130\u015eL\u0130) (YOW JUNG) 6N0905104) \u00dcR\u00dcN\u00dc SATIN ALMADAN<\/p>\n","protected":false},"featured_media":622,"template":"","meta":[],"product_brand":[],"product_cat":[44],"product_tag":[],"class_list":{"0":"post-620","1":"product","2":"type-product","3":"status-publish","4":"has-post-thumbnail","6":"product_cat-ikinci-el-is-makineleri","8":"first","9":"instock","10":"sale","11":"shipping-taxable","12":"purchasable","13":"product-type-simple"},"_links":{"self":[{"href":"https:\/\/mustibilgi.com\/magaza\/wp-json\/wp\/v2\/product\/620","targetHints":{"allow":["GET"]}}],"collection":[{"href":"https:\/\/mustibilgi.com\/magaza\/wp-json\/wp\/v2\/product"}],"about":[{"href":"https:\/\/mustibilgi.com\/magaza\/wp-json\/wp\/v2\/types\/product"}],"wp:featuredmedia":[{"embeddable":true,"href":"https:\/\/mustibilgi.com\/magaza\/wp-json\/wp\/v2\/media\/622"}],"wp:attachment":[{"href":"https:\/\/mustibilgi.com\/magaza\/wp-json\/wp\/v2\/media?parent=620"}],"wp:term":[{"taxonomy":"product_brand","embeddable":true,"href":"https:\/\/mustibilgi.com\/magaza\/wp-json\/wp\/v2\/product_brand?post=620"},{"taxonomy":"product_cat","embeddable":true,"href":"https:\/\/mustibilgi.com\/magaza\/wp-json\/wp\/v2\/product_cat?post=620"},{"taxonomy":"product_tag","embeddable":true,"href":"https:\/\/mustibilgi.com\/magaza\/wp-json\/wp\/v2\/product_tag?post=620"}],"curies":[{"name":"wp","href":"https:\/\/api.w.org\/{rel}","templated":true}]}}