{"id":581,"date":"2024-05-13T17:24:53","date_gmt":"2024-05-13T14:24:53","guid":{"rendered":"https:\/\/mustibilgi.com\/magaza\/?post_type=product&#038;p=581"},"modified":"2024-05-13T17:24:53","modified_gmt":"2024-05-13T14:24:53","slug":"defolu-su-sebili-teshir-ve-garantili-su-sebili-su-sebilleri-sicak-genellikle-ofislerde","status":"publish","type":"product","link":"https:\/\/mustibilgi.com\/magaza\/urun\/defolu-su-sebili-teshir-ve-garantili-su-sebili-su-sebilleri-sicak-genellikle-ofislerde\/","title":{"rendered":"Defolu su sebili te\u015fhir ve garantili su sebili SU SEB\u0130LLER\u0130 SICAK Genellikle ofislerde"},"content":{"rendered":"<p><strong>Defolu su sebili BOSCH Su Sebili \u00dcstten Damacanal\u0131.<\/strong> Su sebili bu maddeden tamamen ar\u0131nd\u0131r\u0131ld\u0131ktan sonra tekrar kullan\u0131labilir. 6.250 TL. \u0130stanbul, \u015ei\u015fli. Kullan\u0131\u015fl\u0131 U\u011fur Su Sebili \u00c7e\u015fitleri En ucuz U\u011fur Su Sebili fiyatlar\u0131 5.352,75 TL&#8217;den ba\u015flayan f\u0131rsatlarla Mevsim ko\u015fullar\u0131na g\u00f6re s\u0131cak SATILIK SU SEB\u0130LLER\u0130 SICAK SO\u011eUK REV\u0130ZYONLU \u0130K\u0130NC\u0130 EL SATILIK SU SEB\u0130LLER\u0130 SICAK Genellikle ofislerde, evlerde veya halka a\u00e7\u0131k alanlarda bulunan su sebilleri, \u00e7e\u015fitli<\/p>\n","protected":false},"excerpt":{"rendered":"[caption id=\"attachment_583\" align=\"aligncenter\" width=\"637\"]<img loading=\"lazy\" decoding=\"async\" class=\"wp-image-583 size-full\" title=\"Defolu su sebili\" src=\"https:\/\/mustibilgi.com\/magaza\/wp-content\/uploads\/2024\/05\/Defolu-su-sebili-2.png\" alt=\"\" width=\"637\" height=\"634\" srcset=\"https:\/\/mustibilgi.com\/magaza\/wp-content\/uploads\/2024\/05\/Defolu-su-sebili-2.png 637w, https:\/\/mustibilgi.com\/magaza\/wp-content\/uploads\/2024\/05\/Defolu-su-sebili-2-300x300.png 300w, https:\/\/mustibilgi.com\/magaza\/wp-content\/uploads\/2024\/05\/Defolu-su-sebili-2-150x150.png 150w, https:\/\/mustibilgi.com\/magaza\/wp-content\/uploads\/2024\/05\/Defolu-su-sebili-2-600x597.png 600w, https:\/\/mustibilgi.com\/magaza\/wp-content\/uploads\/2024\/05\/Defolu-su-sebili-2-100x100.png 100w\" sizes=\"auto, (max-width: 637px) 100vw, 637px\" \/> Defolu su sebili[\/caption]\n<p><img loading=\"lazy\" decoding=\"async\" class=\"aligncenter size-full wp-image-582\" src=\"https:\/\/mustibilgi.com\/magaza\/wp-content\/uploads\/2024\/05\/Defolu-su-sebili-1.png\" alt=\"\" width=\"589\" height=\"603\" srcset=\"https:\/\/mustibilgi.com\/magaza\/wp-content\/uploads\/2024\/05\/Defolu-su-sebili-1.png 589w, https:\/\/mustibilgi.com\/magaza\/wp-content\/uploads\/2024\/05\/Defolu-su-sebili-1-293x300.png 293w\" sizes=\"auto, (max-width: 589px) 100vw, 589px\" \/><\/p>\n","protected":false},"featured_media":583,"template":"","meta":[],"product_brand":[],"product_cat":[29],"product_tag":[],"class_list":{"0":"post-581","1":"product","2":"type-product","3":"status-publish","4":"has-post-thumbnail","6":"product_cat-spot-defolu-esya","8":"first","9":"instock","10":"sale","11":"shipping-taxable","12":"purchasable","13":"product-type-simple"},"_links":{"self":[{"href":"https:\/\/mustibilgi.com\/magaza\/wp-json\/wp\/v2\/product\/581","targetHints":{"allow":["GET"]}}],"collection":[{"href":"https:\/\/mustibilgi.com\/magaza\/wp-json\/wp\/v2\/product"}],"about":[{"href":"https:\/\/mustibilgi.com\/magaza\/wp-json\/wp\/v2\/types\/product"}],"wp:featuredmedia":[{"embeddable":true,"href":"https:\/\/mustibilgi.com\/magaza\/wp-json\/wp\/v2\/media\/583"}],"wp:attachment":[{"href":"https:\/\/mustibilgi.com\/magaza\/wp-json\/wp\/v2\/media?parent=581"}],"wp:term":[{"taxonomy":"product_brand","embeddable":true,"href":"https:\/\/mustibilgi.com\/magaza\/wp-json\/wp\/v2\/product_brand?post=581"},{"taxonomy":"product_cat","embeddable":true,"href":"https:\/\/mustibilgi.com\/magaza\/wp-json\/wp\/v2\/product_cat?post=581"},{"taxonomy":"product_tag","embeddable":true,"href":"https:\/\/mustibilgi.com\/magaza\/wp-json\/wp\/v2\/product_tag?post=581"}],"curies":[{"name":"wp","href":"https:\/\/api.w.org\/{rel}","templated":true}]}}