{"id":550,"date":"2024-05-13T15:01:53","date_gmt":"2024-05-13T12:01:53","guid":{"rendered":"https:\/\/mustibilgi.com\/magaza\/?post_type=product&#038;p=550"},"modified":"2024-05-13T15:01:53","modified_gmt":"2024-05-13T12:01:53","slug":"temiz-ve-saglam-satilik-ikinci-el-su-motoru-su-motoru-bulun-imalattan-bayiden-uygun","status":"publish","type":"product","link":"https:\/\/mustibilgi.com\/magaza\/urun\/temiz-ve-saglam-satilik-ikinci-el-su-motoru-su-motoru-bulun-imalattan-bayiden-uygun\/","title":{"rendered":"Temiz ve sa\u011flam sat\u0131l\u0131k ikinci el su motoru Su Motoru bulun. \u0130malattan bayiden uygun"},"content":{"rendered":"<p>ikinci el su motoru G\u00fcncel teknoloji harikalar\u0131 aras\u0131ndan diledi\u011finiz Su Motoru bulun. \u0130malattan bayiden uygun fiyat ile sat\u0131l\u0131k kiral\u0131k s\u0131f\u0131r 2.el Su Motoru \u00c7e\u015fitleri. Su motoru al\u0131rken nelere dikkat etmek gerekir?<br \/>\n2 hp su motoru ka\u00e7 metreden su \u00e7eker? En ucuz Honda Su Motoru fiyatlar\u0131 15.125,82 TL&#8217;den ba\u015flayan f\u0131rsatlarla<\/p>\n","protected":false},"excerpt":{"rendered":"<p><img loading=\"lazy\" decoding=\"async\" src=\"https:\/\/mustibilgi.com\/magaza\/wp-content\/uploads\/2024\/05\/Su-Pompasi-Motoru-2.png\" alt=\"\" width=\"768\" height=\"624\" class=\"aligncenter size-full wp-image-414\" srcset=\"https:\/\/mustibilgi.com\/magaza\/wp-content\/uploads\/2024\/05\/Su-Pompasi-Motoru-2.png 768w, https:\/\/mustibilgi.com\/magaza\/wp-content\/uploads\/2024\/05\/Su-Pompasi-Motoru-2-300x244.png 300w, https:\/\/mustibilgi.com\/magaza\/wp-content\/uploads\/2024\/05\/Su-Pompasi-Motoru-2-600x488.png 600w\" sizes=\"auto, (max-width: 768px) 100vw, 768px\" \/><\/p>\n<p>su motoru<\/p>\n<p><img loading=\"lazy\" decoding=\"async\" src=\"https:\/\/mustibilgi.com\/magaza\/wp-content\/uploads\/2024\/05\/Su-Pompasi-Motoru-1.png\" alt=\"\" width=\"773\" height=\"580\" class=\"aligncenter size-full wp-image-413\" srcset=\"https:\/\/mustibilgi.com\/magaza\/wp-content\/uploads\/2024\/05\/Su-Pompasi-Motoru-1.png 773w, https:\/\/mustibilgi.com\/magaza\/wp-content\/uploads\/2024\/05\/Su-Pompasi-Motoru-1-300x225.png 300w, https:\/\/mustibilgi.com\/magaza\/wp-content\/uploads\/2024\/05\/Su-Pompasi-Motoru-1-768x576.png 768w, https:\/\/mustibilgi.com\/magaza\/wp-content\/uploads\/2024\/05\/Su-Pompasi-Motoru-1-160x120.png 160w, https:\/\/mustibilgi.com\/magaza\/wp-content\/uploads\/2024\/05\/Su-Pompasi-Motoru-1-600x450.png 600w\" sizes=\"auto, (max-width: 773px) 100vw, 773px\" \/><\/p>\n","protected":false},"featured_media":414,"template":"","meta":[],"product_brand":[],"product_cat":[15],"product_tag":[],"class_list":{"0":"post-550","1":"product","2":"type-product","3":"status-publish","4":"has-post-thumbnail","6":"product_cat-ikinci-el-esya","8":"first","9":"instock","10":"sale","11":"shipping-taxable","12":"purchasable","13":"product-type-simple"},"_links":{"self":[{"href":"https:\/\/mustibilgi.com\/magaza\/wp-json\/wp\/v2\/product\/550","targetHints":{"allow":["GET"]}}],"collection":[{"href":"https:\/\/mustibilgi.com\/magaza\/wp-json\/wp\/v2\/product"}],"about":[{"href":"https:\/\/mustibilgi.com\/magaza\/wp-json\/wp\/v2\/types\/product"}],"wp:featuredmedia":[{"embeddable":true,"href":"https:\/\/mustibilgi.com\/magaza\/wp-json\/wp\/v2\/media\/414"}],"wp:attachment":[{"href":"https:\/\/mustibilgi.com\/magaza\/wp-json\/wp\/v2\/media?parent=550"}],"wp:term":[{"taxonomy":"product_brand","embeddable":true,"href":"https:\/\/mustibilgi.com\/magaza\/wp-json\/wp\/v2\/product_brand?post=550"},{"taxonomy":"product_cat","embeddable":true,"href":"https:\/\/mustibilgi.com\/magaza\/wp-json\/wp\/v2\/product_cat?post=550"},{"taxonomy":"product_tag","embeddable":true,"href":"https:\/\/mustibilgi.com\/magaza\/wp-json\/wp\/v2\/product_tag?post=550"}],"curies":[{"name":"wp","href":"https:\/\/api.w.org\/{rel}","templated":true}]}}