{"id":541,"date":"2024-05-13T12:14:01","date_gmt":"2024-05-13T09:14:01","guid":{"rendered":"https:\/\/mustibilgi.com\/magaza\/?post_type=product&#038;p=541"},"modified":"2024-05-13T12:14:01","modified_gmt":"2024-05-13T09:14:01","slug":"temiz-ve-saglam-ikea-langaryd-sifir-uclu-kanepe","status":"publish","type":"product","link":"https:\/\/mustibilgi.com\/magaza\/urun\/temiz-ve-saglam-ikea-langaryd-sifir-uclu-kanepe\/","title":{"rendered":"Temiz ve sa\u011flam ikea langaryd s\u0131f\u0131r \u00fc\u00e7l\u00fc kanepe"},"content":{"rendered":"<p><strong>ikea langaryd s\u0131f\u0131r \u00fc\u00e7l\u00fc kanepe Ikea langaryd s\u0131f\u0131r \u00fc\u00e7l\u00fc kanepe.<\/strong> Antika mobilya, oyuncak, aksesuar ve tekstil gibi antika \u00fcr\u00fcnlerini, ikinci el ve s\u0131f\u0131r f\u0131rsatlar\u0131n\u0131 22.000 TL%27. 16.000 TL. gzidenrs. Teklife A\u00e7\u0131k. 4. Kullan\u0131lm\u0131\u015f &#8211; 245 x 151 x 70 cm Kullan\u0131lm\u0131\u015f. Modern ya\u015fam alanlar\u0131n\u0131n vazge\u00e7ilmezi haline gelen L koltuk modelleri, fonksiyonellikleri ve \u015f\u0131k Ikea langaryd s\u0131f\u0131r \u00fc\u00e7l\u00fc kanepe. S\u00fcngerle \u00e7evrili bir paket yay \u00e7ekirde\u011fine sahip koltuk minderi sayesinde yumu\u015fak, dayan\u0131kl\u0131 22.000 TL. gzidenrs<\/p>\n","protected":false},"excerpt":{"rendered":"[caption id=\"attachment_543\" align=\"aligncenter\" width=\"868\"]<img loading=\"lazy\" decoding=\"async\" class=\"wp-image-543 size-full\" title=\"ikea langaryd s\u0131f\u0131r \u00fc\u00e7l\u00fc kanepe\" src=\"https:\/\/mustibilgi.com\/magaza\/wp-content\/uploads\/2024\/05\/ikea-langaryd-sifir-uclu-kanepe-2.png\" alt=\"\" width=\"868\" height=\"631\" srcset=\"https:\/\/mustibilgi.com\/magaza\/wp-content\/uploads\/2024\/05\/ikea-langaryd-sifir-uclu-kanepe-2.png 868w, https:\/\/mustibilgi.com\/magaza\/wp-content\/uploads\/2024\/05\/ikea-langaryd-sifir-uclu-kanepe-2-300x218.png 300w, https:\/\/mustibilgi.com\/magaza\/wp-content\/uploads\/2024\/05\/ikea-langaryd-sifir-uclu-kanepe-2-768x558.png 768w, https:\/\/mustibilgi.com\/magaza\/wp-content\/uploads\/2024\/05\/ikea-langaryd-sifir-uclu-kanepe-2-600x436.png 600w\" sizes=\"auto, (max-width: 868px) 100vw, 868px\" \/> ikea langaryd s\u0131f\u0131r \u00fc\u00e7l\u00fc kanepe[\/caption]\n<p><img loading=\"lazy\" decoding=\"async\" class=\"aligncenter size-full wp-image-542\" src=\"https:\/\/mustibilgi.com\/magaza\/wp-content\/uploads\/2024\/05\/ikea-langaryd-sifir-uclu-kanepe-1.png\" alt=\"\" width=\"863\" height=\"637\" srcset=\"https:\/\/mustibilgi.com\/magaza\/wp-content\/uploads\/2024\/05\/ikea-langaryd-sifir-uclu-kanepe-1.png 863w, https:\/\/mustibilgi.com\/magaza\/wp-content\/uploads\/2024\/05\/ikea-langaryd-sifir-uclu-kanepe-1-300x221.png 300w, https:\/\/mustibilgi.com\/magaza\/wp-content\/uploads\/2024\/05\/ikea-langaryd-sifir-uclu-kanepe-1-768x567.png 768w, https:\/\/mustibilgi.com\/magaza\/wp-content\/uploads\/2024\/05\/ikea-langaryd-sifir-uclu-kanepe-1-600x443.png 600w\" sizes=\"auto, (max-width: 863px) 100vw, 863px\" \/><\/p>\n","protected":false},"featured_media":542,"template":"","meta":[],"product_brand":[],"product_cat":[24],"product_tag":[42],"class_list":{"0":"post-541","1":"product","2":"type-product","3":"status-publish","4":"has-post-thumbnail","6":"product_cat-ikinci-el-mobilya","7":"product_tag-ikinci-el-koltuk-kanepe","9":"first","10":"instock","11":"sale","12":"shipping-taxable","13":"purchasable","14":"product-type-simple"},"_links":{"self":[{"href":"https:\/\/mustibilgi.com\/magaza\/wp-json\/wp\/v2\/product\/541","targetHints":{"allow":["GET"]}}],"collection":[{"href":"https:\/\/mustibilgi.com\/magaza\/wp-json\/wp\/v2\/product"}],"about":[{"href":"https:\/\/mustibilgi.com\/magaza\/wp-json\/wp\/v2\/types\/product"}],"wp:featuredmedia":[{"embeddable":true,"href":"https:\/\/mustibilgi.com\/magaza\/wp-json\/wp\/v2\/media\/542"}],"wp:attachment":[{"href":"https:\/\/mustibilgi.com\/magaza\/wp-json\/wp\/v2\/media?parent=541"}],"wp:term":[{"taxonomy":"product_brand","embeddable":true,"href":"https:\/\/mustibilgi.com\/magaza\/wp-json\/wp\/v2\/product_brand?post=541"},{"taxonomy":"product_cat","embeddable":true,"href":"https:\/\/mustibilgi.com\/magaza\/wp-json\/wp\/v2\/product_cat?post=541"},{"taxonomy":"product_tag","embeddable":true,"href":"https:\/\/mustibilgi.com\/magaza\/wp-json\/wp\/v2\/product_tag?post=541"}],"curies":[{"name":"wp","href":"https:\/\/api.w.org\/{rel}","templated":true}]}}